{"id":678570,"date":"2026-01-14T08:54:49","date_gmt":"2026-01-14T07:54:49","guid":{"rendered":"https:\/\/esveld.nl\/a\/?page_id=678570"},"modified":"2026-01-14T08:55:13","modified_gmt":"2026-01-14T07:55:13","slug":"aconogonon","status":"publish","type":"page","link":"https:\/\/esveld.nl\/a\/aconogonon\/","title":{"rendered":"Aconogonon"},"content":{"rendered":"\t\t<div data-elementor-type=\"wp-page\" data-elementor-id=\"678570\" class=\"elementor elementor-678570\">\n\t\t\t\t\t\t<section class=\"elementor-section elementor-top-section elementor-element elementor-element-62471a6 elementor-section-boxed elementor-section-height-default elementor-section-height-default\" data-id=\"62471a6\" data-element_type=\"section\" data-e-type=\"section\">\n\t\t\t\t\t\t<div class=\"elementor-container elementor-column-gap-default\">\n\t\t\t\t\t<div class=\"elementor-column elementor-col-100 elementor-top-column elementor-element elementor-element-00a3ce4\" data-id=\"00a3ce4\" data-element_type=\"column\" data-e-type=\"column\">\n\t\t\t<div class=\"elementor-widget-wrap elementor-element-populated\">\n\t\t\t\t\t\t<div class=\"elementor-element elementor-element-7b3f6bd elementor-widget elementor-widget-text-editor\" data-id=\"7b3f6bd\" data-element_type=\"widget\" data-e-type=\"widget\" data-widget_type=\"text-editor.default\">\n\t\t\t\t<div class=\"elementor-widget-container\">\n\t\t\t\t\t\t\t\t\t<center><button onclick=\"history.back()\">Terug<\/button><p><\/center>\t\t\t\t\t\t\t\t<\/div>\n\t\t\t\t<\/div>\n\t\t\t\t\t<\/div>\n\t\t<\/div>\n\t\t\t\t\t<\/div>\n\t\t<\/section>\n\t\t\t\t<section class=\"elementor-section elementor-top-section elementor-element elementor-element-a42f1b8 elementor-section-boxed elementor-section-height-default elementor-section-height-default\" data-id=\"a42f1b8\" data-element_type=\"section\" data-e-type=\"section\">\n\t\t\t\t\t\t<div class=\"elementor-container elementor-column-gap-default\">\n\t\t\t\t\t<div class=\"elementor-column elementor-col-100 elementor-top-column elementor-element elementor-element-f904a20\" data-id=\"f904a20\" data-element_type=\"column\" data-e-type=\"column\">\n\t\t\t<div class=\"elementor-widget-wrap elementor-element-populated\">\n\t\t\t\t\t\t<div class=\"elementor-element elementor-element-de1aeda elementor-widget elementor-widget-text-editor\" data-id=\"de1aeda\" data-element_type=\"widget\" data-e-type=\"widget\" data-widget_type=\"text-editor.default\">\n\t\t\t\t<div class=\"elementor-widget-container\">\n\t\t\t\t\t\t\t\t\t<p><span style=\"font-size: x-large;\"><b>Plantengeslacht Aconogonon<\/b><\/span><\/p>\n<p><span style=\"font-size: large;\"><b>Natuurlijke leefomgeving van Aconogonon<\/b><\/span><span style=\"font-size: large;\"><br>Aconogonon is een boeiend en krachtig geslacht uit de Polygonaceae, dat zijn oorsprong vindt in de koele berggebieden van Eurazi\u00eb, Siberi\u00eb en delen van Centraal-Azi\u00eb. Daar groeit het in vochtige bergweiden, langs beekoevers en bosranden, waar het profiteert van rijke, humusachtige bodems en frisse lucht. In deze natuurlijke habitat vormt Aconogonon dichte pollen of krachtige stengels die zich stevig tussen grassen en kruiden verheffen, vaak op plaatsen waar het water langzaam wegzijgt en de zon niet te fel brandt.<\/span><\/p>\n<p><span style=\"font-size: large;\"><b>Standplaatsomstandigheden van Aconogonon&nbsp;<\/b><\/span><span style=\"font-size: large;\"><br>In de tuin voelt Aconogonon zich thuis op een plek met volle zon tot lichte halfschaduw. De plant houdt van voedzame, goed doorlatende grond met een constante matige vochtigheid. Zwaardere klei verdraagt hij mits deze niet uitdroogt of langdurig nat blijft. De meeste soorten zijn uitstekend winterhard, tot wel -30 \u00b0C (USDA-zone 4), wat ze tot robuuste tuinplanten maakt in gematigde klimaten.<\/span><\/p>\n<p><span style=\"font-size: large;\"><b>Kenmerken van Aconogonon<\/b><\/span><span style=\"font-size: large;\"><br>Aconogonon onderscheidt zich door zijn statige, rechtopgaande groei en frisgroene bladeren die een luchtige, natuurlijke structuur vormen. In de zomer verschijnen pluimachtige bloeiwijzen met talloze kleine witte tot lichtroze bloemetjes die als een wolk boven het loof zweven. Na de bloei ontstaan bescheiden vruchtjes die de plant een subtiele zaadvormige sierwaarde geven. De stengels blijven tot laat in de herfst stevig overeind en kleuren mooi bij afstervend blad.<\/span><\/p>\n<p><a name=\"Bookmark\"><\/a><span style=\"font-size: large;\"><b>Toepassingen van Aconogonon in de tuin<\/b><\/span><span style=\"font-size: large;\"><br>Aconogonon is ideaal voor de natuurlijke of prairieachtige tuin, waar het structuur en hoogte brengt zonder overheersend te zijn. De plant combineert prachtig met andere siergrassen, Rudbeckia of Persicaria voor een evenwichtig, natuurlijk effect. Een handige tuintip: geef Aconogonon ruimte om zich te ontwikkelen; in te kleine perken kan hij te dominant worden. Door oude stengels pas in het vroege voorjaar terug te knippen, blijft de winterstructuur behouden en krijgt de tuin extra karakter.<\/span><\/p>\t\t\t\t\t\t\t\t<\/div>\n\t\t\t\t<\/div>\n\t\t\t\t\t<\/div>\n\t\t<\/div>\n\t\t\t\t\t<\/div>\n\t\t<\/section>\n\t\t\t\t<\/div>\n\t\t","protected":false},"excerpt":{"rendered":"<p>Terug Plantengeslacht Aconogonon Natuurlijke leefomgeving van AconogononAconogonon is een boeiend en krachtig geslacht uit de Polygonaceae, dat zijn oorsprong vindt in de koele berggebieden van Eurazi\u00eb, Siberi\u00eb en delen van Centraal-Azi\u00eb. Daar groeit het in vochtige bergweiden, langs beekoevers en bosranden, waar het profiteert van rijke, humusachtige bodems en frisse lucht. In deze natuurlijke habitat [&hellip;]<\/p>\n","protected":false},"author":1,"featured_media":0,"parent":0,"menu_order":0,"comment_status":"closed","ping_status":"closed","template":"","meta":{"site-sidebar-layout":"no-sidebar","site-content-layout":"page-builder","ast-site-content-layout":"full-width-container","site-content-style":"default","site-sidebar-style":"default","ast-global-header-display":"","ast-banner-title-visibility":"","ast-main-header-display":"","ast-hfb-above-header-display":"","ast-hfb-below-header-display":"","ast-hfb-mobile-header-display":"","site-post-title":"disabled","ast-breadcrumbs-content":"","ast-featured-img":"disabled","footer-sml-layout":"","ast-disable-related-posts":"","theme-transparent-header-meta":"","adv-header-id-meta":"","stick-header-meta":"","header-above-stick-meta":"","header-main-stick-meta":"","header-below-stick-meta":"","astra-migrate-meta-layouts":"set","ast-page-background-enabled":"default","ast-page-background-meta":{"desktop":{"background-color":"","background-image":"","background-repeat":"repeat","background-position":"center center","background-size":"auto","background-attachment":"scroll","background-type":"","background-media":"","overlay-type":"","overlay-color":"","overlay-opacity":"","overlay-gradient":""},"tablet":{"background-color":"","background-image":"","background-repeat":"repeat","background-position":"center center","background-size":"auto","background-attachment":"scroll","background-type":"","background-media":"","overlay-type":"","overlay-color":"","overlay-opacity":"","overlay-gradient":""},"mobile":{"background-color":"","background-image":"","background-repeat":"repeat","background-position":"center center","background-size":"auto","background-attachment":"scroll","background-type":"","background-media":"","overlay-type":"","overlay-color":"","overlay-opacity":"","overlay-gradient":""}},"ast-content-background-meta":{"desktop":{"background-color":"var(--ast-global-color-5)","background-image":"","background-repeat":"repeat","background-position":"center center","background-size":"auto","background-attachment":"scroll","background-type":"","background-media":"","overlay-type":"","overlay-color":"","overlay-opacity":"","overlay-gradient":""},"tablet":{"background-color":"var(--ast-global-color-5)","background-image":"","background-repeat":"repeat","background-position":"center center","background-size":"auto","background-attachment":"scroll","background-type":"","background-media":"","overlay-type":"","overlay-color":"","overlay-opacity":"","overlay-gradient":""},"mobile":{"background-color":"var(--ast-global-color-5)","background-image":"","background-repeat":"repeat","background-position":"center center","background-size":"auto","background-attachment":"scroll","background-type":"","background-media":"","overlay-type":"","overlay-color":"","overlay-opacity":"","overlay-gradient":""}},"footnotes":""},"class_list":["post-678570","page","type-page","status-publish","hentry"],"_links":{"self":[{"href":"https:\/\/esveld.nl\/a\/wp-json\/wp\/v2\/pages\/678570","targetHints":{"allow":["GET"]}}],"collection":[{"href":"https:\/\/esveld.nl\/a\/wp-json\/wp\/v2\/pages"}],"about":[{"href":"https:\/\/esveld.nl\/a\/wp-json\/wp\/v2\/types\/page"}],"author":[{"embeddable":true,"href":"https:\/\/esveld.nl\/a\/wp-json\/wp\/v2\/users\/1"}],"replies":[{"embeddable":true,"href":"https:\/\/esveld.nl\/a\/wp-json\/wp\/v2\/comments?post=678570"}],"version-history":[{"count":0,"href":"https:\/\/esveld.nl\/a\/wp-json\/wp\/v2\/pages\/678570\/revisions"}],"wp:attachment":[{"href":"https:\/\/esveld.nl\/a\/wp-json\/wp\/v2\/media?parent=678570"}],"curies":[{"name":"wp","href":"https:\/\/api.w.org\/{rel}","templated":true}]}}